-4*x = -4*j - 36, -2*x + h = 3*j - 22. Let m be x/(-1) + (-28)/(-7). What is a(m)?
-3
Let j(p) = 2*p**2 - 5*p - 1. Let z be 14 - 8 - (-2 + 3). What is j(z)?
24
Let r(l) = 5*l + 57. Let c be r(-11). Let m(u) be the third derivative of u**6/120 + u**5/30 - u**4/12 + u**3/6 - 4*u**2. What is m(c)?
13
Let h(n) = -5*n**3 + n**2 - 2*n - 4. Suppose 4*i - 1 = -4*z - 21, 4*z + i = -14. Let r(s) = 4*s**3 + s + 4. Let k(c) = z*h(c) - 4*r(c). Determine k(-4).
4
Let w = -73 - -122. Let l be 14/w + (-19)/(-7). Let t(b) = -b**2 + 2*b. What is t(l)?
-3
Let v(k) = k**3 + 2*k**2 - 2*k + 3. Let x be v(-4). Let a = x - -27. Let c(m) = -m - 2. What is c(a)?
-8
Let t(o) be the second derivative of -o**3/6 + 11*o**2 + 1006*o. Give t(11).
11
Let s(k) be the third derivative of k**4/8 + k**3/3 - 2*k**2 - 25. Give s(-4).
-10
Let m be (-9)/(-7) - (-26)/(-91). Let d(b) = 20*b**2. Give d(m).
20
Let v(n) be the second derivative of -1/6*n**3 - 2*n**2 + 0 - 11*n. Determine v(-4).
0
Let v(a) = -a - 16. Let n be v(0). Let z = -10 - n. Let i(r) = 4*r**2 - 6*r + 4. Let k(l) = -3*l**2 + 6*l - 4. Let b(s) = 2*i(s) + 3*k(s). Give b(z).
-4
Let n(q) = -3*q**3 - 6*q**2 + q. Let j(o) = 4*o**2 - 194*o + 93. Let p be j(48). Give n(p).
24
Suppose -7 + 23 = 4*d. Let v be (-175)/(-14) + 2/(-4). Suppose -2*k - d = -a + k, 0 = 2*a + 4*k + v. Let j(x) = x + 2. What is j(a)?
0
Let w(o) = -o**2 + 6*o - 6. Let v be 1/(-4) - (-2 + (-125)/20). Suppose 9 + 23 = v*h. Give w(h).
2
Let n = 5 - -8. Let p(a) = 1 + 9*a**2 + 6*a**2 - 3*a - 12*a**3 + 5*a - n*a**2. Determine p(-1).
13
Let i be 0/((-9)/45 - 6/(-5)). Let h = -6 - -11. Let q(g) = g - 2 - h + 8. Determine q(i).
1
Let p(j) = -j**3 + 7*j**2 - 4. Let r = -25 + 32. Suppose r*i - 23 = 5. Let d be (7 + -3)*7/i. Determine p(d).
-4
Let n(f) be the first derivative of -2*f**2 + 42 + 4*f - 1/3*f**3. Give n(-4).
4
Let r = -53 - -57. Let s(o) = -9*o**2 + 4*o**2 - 8 - o + 7 + r*o**2. Give s(-2).
-3
Let i(f) = -27*f**2 - 37*f - 9. Let z(g) = -13*g**2 - 21*g - 5. Let h(j) = -4*i(j) + 7*z(j). Calculate h(-1).
17
Let n(g) = -g**2 + g + 3. Suppose 3*a - a = 3*i + 5, -2*a - 4*i = -40. Suppose -5 = o - 4*o + t, a = -4*o - 2*t. Give n(o).
3
Let t = 15 + -22. Let j = 8 + t. Let i(a) = a - 1. Give i(j).
0
Let k(j) = j**3 - 6*j**2 - 5*j - 8. Suppose 3*l + 6*l = 0. Suppose -3*t + 2*p + l*p + 11 = 0, -2*p + 17 = t. What is k(t)?
6
Let q be 6/(-14) + (-516)/(-1008). Let l(t) be the second derivative of 4*t - t**2 + 0 + q*t**4 - 1/2*t**3. Give l(-2).
8
Let r(b) = -b - 6. Let k be (-4)/14 + -2*(-333)/126. What is r(k)?
-11
Let j(c) = -c**2 + 3*c - 3. Let l(b) = -4*b + 9 + 2*b + 3*b**2 - 8*b + b. Let i(v) = 11*j(v) + 4*l(v). Let u(n) = -n**2 + 6*n - 1. Let g be u(5). Give i(g).
7
Let o(b) be the second derivative of b**4/6 - 2*b**3/3 - 6*b**2 + b - 7. Give o(7).
58
Let v(u) = 3*u - u + 5*u - 2*u. Determine v(-3).
-15
Let o = 584 + -593. Let b(k) = -4*k - 8. What is b(o)?
28
Suppose 23*h + 9*h = -8*h. Let m(o) = o**3 + o**2 - 19. What is m(h)?
-19
Let k(c) = 3*c + 10. Let r(s) = -s**2 - 6*s + 2. Let h be r(-7). Let a(p) = 2*p + 9. Let d(z) = h*k(z) + 6*a(z). Give d(6).
-14
Suppose 2*m + 1 = -7, 0 = v + 3*m + 6. Let q(z) = -3*z**2 + 8*z + 2. Let r(f) = f**2 - f - 1. Let o(t) = q(t) + 2*r(t). What is o(v)?
0
Let l(b) = b**2 + 8*b + 10. Let u(z) = z**3 - z + 12. Let t be u(0). Let k be t/3 + (-2)/1. Suppose k*y + 20 = 6. Give l(y).
3
Suppose 3*h = 5*d - 36, -20 = 5*h - 3*d + 8*d. Let q(p) = p**3 + 8*p**2 + 7*p - 5. Let o be q(h). Let j(i) = -i**3 - 6*i**2 - 7*i - 5. Give j(o).
5
Let m(w) be the second derivative of -w**5/20 + 5*w**3/6 + 3*w**2/2 + 15*w - 2. What is m(-3)?
15
Let z(o) = -o + 4. Let d(i) = -i**3 + 36*i + 3. Let t be d(6). What is z(t)?
1
Suppose -12 = n - 5*q, 3*n - 4*n = -3*q + 6. Let j(k) = 0*k**3 + 2*k**2 + 0*k**3 - k**3 + 2 + 3*k - 5*k. What is j(n)?
-13
Let u(a) = -12*a - 56. Let k(g) = 10*g + 43. Let t(m) = -4*k(m) - 3*u(m). Let s(z) = -z**3 + 5*z**2 + 6*z - 7. Let d be s(6). What is t(d)?
24
Let q(j) = -13*j**2 - 2*j + 1. Let h(k) = 13*k**2 + 2*k - 1. Let d(g) = -5*h(g) - 6*q(g). Suppose -41*m + 36*m + 5 = 0. Determine d(m).
14
Let w(p) = p**2 - 4*p - 2. Let d = -1 + 4. Let j = d + 3. Let t = j - 1. What is w(t)?
3
Let v = -2/1453 - -7277/8718. Let i(x) be the second derivative of 1/20*x**5 + 0 + v*x**3 + 2*x**2 - 3*x - 5/12*x**4. Calculate i(4).
8
Let j(q) be the third derivative of -q**9/30240 + q**8/6720 - q**7/2520 + q**5/6 - 2*q**2. Let d(h) be the third derivative of j(h). What is d(2)?
-8
Let o(f) = f**2 + 6*f. Let p(d) be the second derivative of -d**3/6 + 5*d**2 - 2*d. Let h be p(14). Let g be (-40)/5 - h/2. What is o(g)?
0
Let m(p) = 4*p + 13. Suppose 8 = -4*b + 24. Let u(i) = -i + 4. Let s be u(9). Let g(d) = 3*d + 12. Let o(t) = b*m(t) + s*g(t). Give o(-7).
-15
Let v(j) = -j + 1. Let m(s) = -s + 1. Suppose 7*n = 6*n. Suppose 2*l + 12 = -n*l. Let y(d) = l*m(d) + 3*v(d). Determine y(3).
6
Let d(z) = z**2 - 7*z + 8. Suppose 2 = -b + 26. Suppose -2 - 8 = -5*x. Let u be (b/(-10))/(x/(-5)). What is d(u)?
2
Let q(k) = -4*k**3 + k**2 - 2. Let y be (-2)/(6/(-9)) - (-2 - -6). Determine q(y).
3
Let f(t) = 3 + 74*t - 25*t - 24*t - 23*t. Let x(c) = c**2 + 5*c + 9. Let s be x(-4). What is f(s)?
13
Let c(o) be the third derivative of -1/2*o**3 - 1/12*o**4 + 1/60*o**5 + 0 + 0*o - 13*o**2. Let k = 5 - 2. Calculate c(k).
0
Let c(s) = 8*s**3 - s. Let x = 39 - 38. Let t be c(x). Let q(p) = p**2 - 6*p - 6. Calculate q(t).
1
Let z(m) = -m**3 - m**2 + m - 1. Suppose 4*r + 4*f = 2 + 10, -5*f + 9 = 2*r. Let a = r + 1. Suppose -c + u - 1 = -0, -a*u = 5*c - 3. Determine z(c).
-1
Suppose 3*u = 3*d - 12, d + 5*u = 4*d - 8. Let q(o) = -29*o**2 + 1. Let l(w) = 57*w**2 - 2. Let n(f) = d*l(f) + 11*q(f). What is n(1)?
22
Let f(p) = p - 1. Let j be 21/28*(2 + -1)*4. Let c be j/7 - (-62)/56*-4. Give f(c).
-5
Let z(a) = -a + 5. Let f(s) = -2*s - 26. Let r be f(-12). Let b be (-4 + 35/10)*20/r. Give z(b).
0
Let q(v) = 20*v - 376. Let n be q(19). Let w(t) = 3*t**2 + t**2 + 0*t**3 - t**3 - 1. Determine w(n).
-1
Let v(j) = 9 - 2*j + j - 2. Let l(k) = -36*k + 42. Let d be l(1). Calculate v(d).
1
Let h(u) be the third derivative of u**4/24 + 17*u**3/6 - 6*u**2 + 7. Give h(0).
17
Let l(m) be the second derivative of m**6/120 - m**4/6 - 3*m. Let i(b) be the third derivative of l(b). Let f(h) = -8*h + 73. Let r be f(9). Give i(r).
6
Suppose 5*d - 6 - 19 = 0. Suppose -2*v + d*i - 9*i = 14, -i + 1 = -v. Let w(j) be the first derivative of j**2 - 4*j + 1. Give w(v).
-10
Let k(s) = -9*s + 1. Let o(u) = -8*u. Let f(b) = 2*k(b) - 3*o(b). Suppose 4*h - 3*h = 0. Suppose 2*m + h*m + 4 = 0. Determine f(m).
-10
Let z = -309 + 313. Let m(j) = -2*j**2 + 5*j + 2. Give m(z).
-10
Let g(i) = i**3 - 11*i**2 - 12*i + 4. Let r be g(12). Let x(j) = -r*j + j - 2 - 6*j + 6*j. Calculate x(-5).
13
Let z(s) = 2*s - 3. Suppose 0 = -2*y + f + 4, -f + 9 = 3*y - 7. Let h be z(y). Let p(d) = 0*d - 3*d**2 + 4*d**2 - 6*d + 3 - 7. Give p(h).
-9
Let d(v) be the first derivative of v**4/4 + 10*v**3/3 - 9*v**2/2 + 10*v + 343. Give d(-11).
-12
Let k(h) = 5*h. Let l = 10 - 12. Let u = 5 - l. Let w = u + -8. What is k(w)?
-5
Let f(b) = -b**3 + 10*b**2 - 7*b - 16. Let q be f(9). Let k be -4*q/(-5)*5. Let g = 14 - k. Let x(m) = m - 8. Determine x(g).
-2
Suppose -5*g - 6 + 86 = 0. Let x be g/2 + (1 - 3). Suppose -2 = x*d - 4*d. Let l(p) = p**2 + 2*p + 1. Calculate l(d).
0
Let z be (-4)/5 + (-1482)/(-390). Let b(u) be the second derivative of -1/20*u**5 + 5/12*u**4 + z*u**2 + 1/2*u**3 + 2*u + 0. Determine b(6).
-12
Let n(l) = l**3 + 6*l**2 - 3*l - 13. Suppose -5*a = -4*z - 34, -3 = 3*z + 2*a + 11. Give n(z).
5
Let u(y) = -3*y - 3. Let d(p) = -p**2 - 24*p + 49. Let a be d(-26). Determine u(a).
6
Let t be (9/36)/(1/28). Let m(u) = t*u - 8*u - u + 0*u. Give m(-1).
2
Let m(u) = 2*u**3 - 4*u**2 + 3*u + 3. Let f be (-17)/(-136) - (-23)/8. Give m(f).
30
Let l = -151 - -147. Let t(s) be the second derivative of 0 + 4*s + 5/2*s**2 + 2/3*s**3. Give t(l).
-11
Let a = 59 - 43. Let m = -15 + 27. Let p = m - a. Let o(q) = q**3 + 5*q**2 + 6*q + 6. Give o(p).
-2
Let d(h) = -27*h - 15 + 17*h + 9*h + 8 - 8. Give d(-12).
-3
Let m(p) be the first derivative of p**4/2 + p**3/3 + 2*p + 32. Let h be -4 - (0 + 0 - 2). Calculate m(h).
-10
Let u(c) = -c